{"version":"1.0","provider_name":"El Blog de Muebles de Madera y Jardin .COM","provider_url":"https:\/\/www.mueblesdemaderayjardin.com\/blog","author_name":"Muebles de Madera y Jardin","author_url":"https:\/\/www.mueblesdemaderayjardin.com\/blog\/author\/admin\/","title":"Muebles para SUM Amoblamiento - El Blog de Muebles de Madera y Jardin .COM","type":"rich","width":600,"height":338,"html":"<blockquote class=\"wp-embedded-content\"><a href=\"https:\/\/www.mueblesdemaderayjardin.com\/blog\/muebles-para-sum-amoblamiento\/\">Muebles para SUM Amoblamiento<\/a><\/blockquote>\n<script type='text\/javascript'>\n<!--\/\/--><![CDATA[\/\/><!--\n\t\t\/*! This file is auto-generated *\/\n\t\t!function(d,l){\"use strict\";var e=!1,n=!1;if(l.querySelector)if(d.addEventListener)e=!0;if(d.wp=d.wp||{},!d.wp.receiveEmbedMessage)if(d.wp.receiveEmbedMessage=function(e){var t=e.data;if(t)if(t.secret||t.message||t.value)if(!\/[^a-zA-Z0-9]\/.test(t.secret)){for(var r,i,a,s=l.querySelectorAll('iframe[data-secret=\"'+t.secret+'\"]'),n=l.querySelectorAll('blockquote[data-secret=\"'+t.secret+'\"]'),o=new RegExp(\"^https?:$\",\"i\"),c=0;c<n.length;c++)n[c].style.display=\"none\";for(c=0;c<s.length;c++)if(r=s[c],e.source===r.contentWindow){if(r.removeAttribute(\"style\"),\"height\"===t.message){if(1e3<(a=parseInt(t.value,10)))a=1e3;else if(~~a<200)a=200;r.height=a}if(\"link\"===t.message)if(i=l.createElement(\"a\"),a=l.createElement(\"a\"),i.href=r.getAttribute(\"src\"),a.href=t.value,o.test(a.protocol))if(a.host===i.host)if(l.activeElement===r)d.top.location.href=t.value}}},e)d.addEventListener(\"message\",d.wp.receiveEmbedMessage,!1),l.addEventListener(\"DOMContentLoaded\",t,!1),d.addEventListener(\"load\",t,!1);function t(){if(!n){n=!0;for(var e,t,r=-1!==navigator.appVersion.indexOf(\"MSIE 10\"),i=!!navigator.userAgent.match(\/Trident.*rv:11\\.\/),a=l.querySelectorAll(\"iframe.wp-embedded-content\"),s=0;s<a.length;s++){if(!(e=a[s]).getAttribute(\"data-secret\"))t=Math.random().toString(36).substr(2,10),e.src+=\"#?secret=\"+t,e.setAttribute(\"data-secret\",t);if(r||i)(t=e.cloneNode(!0)).removeAttribute(\"security\"),e.parentNode.replaceChild(t,e)}}}}(window,document);\n\/\/--><!]]>\n<\/script><iframe sandbox=\"allow-scripts\" security=\"restricted\" src=\"https:\/\/www.mueblesdemaderayjardin.com\/blog\/muebles-para-sum-amoblamiento\/embed\/\" width=\"600\" height=\"338\" title=\"\u00abMuebles para SUM Amoblamiento\u00bb \u2014 El Blog de Muebles de Madera y Jardin .COM\" frameborder=\"0\" marginwidth=\"0\" marginheight=\"0\" scrolling=\"no\" class=\"wp-embedded-content\"><\/iframe>","description":"Muebles para SUM Los salones de usos multiples (SUM) son espacios creados para desarrollar actividades sociales dentro de los edificios y complejos de departamentos. En estos espacios los muebles juegan un rol protag\u00f3nico, dado que un mobiliario adecuado puede hacer de la estancia en el SUM una experiencia m\u00e1s confortable. Dentro de \u00e9stos muebles generalmente [&hellip;]","thumbnail_url":"https:\/\/www.mueblesdemaderayjardin.com\/blog\/wp-content\/uploads\/2010\/06\/Muebles_para_sum.jpg"}

Muebles para SUM Los salones de usos multiples (SUM) son espacios creados para desarrollar actividades sociales dentro de los edificios y complejos de departamentos. En estos espacios los muebles juegan un rol protagónico, dado que un mobiliario adecuado puede hacer de la estancia en el SUM una experiencia más confortable. Dentro de éstos muebles generalmente [&hellip;]
